-28)). Let k(f) = f**2 + 26*f + 131. What are the prime factors of k(l)?
13, 31
Let i = -15 + 81. Suppose 4*t = 2*a + 34, -2*a - i = a - 3*t. Let y = a + 80. List the prime factors of y.
53
Let c(v) = -2*v**2 - 25*v + 22. Let k be c(-13). Suppose 1006 = k*g - 767. What are the prime factors of g?
197
Let j(f) = 371*f**2 - 99*f + 292. List the prime factors of j(3).
2, 1667
Let n = -160 + 162. Suppose c = n*c - 819. What are the prime factors of c?
3, 7, 13
Let o = -84 + 131. Let n(z) = -o*z + 1 - 2 + 117*z. What are the prime factors of n(1)?
3, 23
List the prime factors of 8323 - (-4)/4*(-9 - -1).
5, 1663
Let s = 429 - 653. Let p = s + 357. What are the prime factors of p?
7, 19
Let r(o) = 266*o**2 + 14*o + 243. List the prime factors of r(-7).
3, 23, 191
Let c = 3494 - 1993. Suppose q - 1489 = -2*i, 0*i - c = -2*i + 3*q. What are the prime factors of i?
2, 373
Let m(p) = -p - 7. Let a be m(-3). Let j be 6110/70 - a/(-14). Suppose -5 = -2*x + j. List the prime factors of x.
2, 23
Let o be (100 + -1)/((-7)/7). Let k = o + 302. List the prime factors of k.
7, 29
Let a = 489 - 485. Suppose -4*m + 3034 = 2*q, -37*m + 6068 = a*q - 34*m. List the prime factors of q.
37, 41
Let i(z) = -z**2 + 83*z + 348. Let q be i(-4). Suppose -7 = -2*b - 1. Suppose q = b*c - 591 - 69. List the prime factors of c.
2, 5, 11
Suppose -2*q = -170 + 166, -5*q + 26830 = 4*o. List the prime factors of o.
3, 5, 149
Let o(l) be the third derivative of -l**5/24 + l**4/3 - 11*l**3/2 - 34*l**2. Let s(i) be the first derivative of o(i). What are the prime factors of s(-4)?
2, 7
Let q be (-104)/260*(-45)/(2 + -1). What are the prime factors of 4/q + (-9644)/(-18)?
2, 67
Let a(m) = -974*m + 15478. What are the prime factors of a(-37)?
2, 3, 53
Let b(r) = 16*r**2 + 49*r + 16. Let u be 6/6 - 6 - (0 - 0). What are the prime factors of b(u)?
3, 19
Let p = -153 - -47. Let m = -108 - p. What are the prime factors of m*297/(-12)*(5 - 3)?
3, 11
Suppose -58*b - 14*b = 51*b - 3398244. What are the prime factors of b?
2, 6907
Let f = 24009 + -14561. List the prime factors of f.
2, 1181
Let t(g) = 6*g + 146. Let c be t(-25). List the prime factors of 501 + 36/6 - c.
7, 73
Suppose 0 = 5*c - 3*j - 171293, -242221 = -5*c - 5*j - 70976. List the prime factors of c.
5, 13, 17, 31
Let q = -12594 + 20853. List the prime factors of q.
3, 2753
Suppose q = 14 - 1. Let j be q/(-13) + (-1)/(-1). List the prime factors of 25/2*((-10)/(-5) - j).
5
Suppose -7*y = -5*y - 2. Let v(z) = 250 + 9*z - 65 - 61 - 64 - 61. List the prime factors of v(y).
2
Suppose -3*z + 14 = 2*z + 2*h, 0 = -3*z + 3*h. Suppose 3*j + 5*a = -j + 2249, -2*j = z*a - 1122. List the prime factors of j.
2, 139
Let n(z) = -10 + 4 + z**2 - 10. Let u be n(-4). Suppose 10*k + 121 - 821 = u. List the prime factors of k.
2, 5, 7
List the prime factors of (-4242)/(-462) - (-2 - 48/(-22)).
3
Let j(k) = k**3 - 5*k**2 - 5*k + 5. Let f(u) = -244*u**2 - 1. Let q be f(-1). Let r be (-7)/(q/30)*7. List the prime factors of j(r).
11
Let d(v) = 488*v + 4172. What are the prime factors of d(11)?
2, 3, 5, 53
Let r = 68520 - 30940. List the prime factors of r.
2, 5, 1879
Suppose 2*p - 746 - 346 = 0. Suppose 3*l = 9*l - p. List the prime factors of l.
7, 13
Let d = 48814 + -30952. What are the prime factors of d?
2, 3, 13, 229
Suppose -4*n + 4*p + 224 + 404 = 0, 0 = 2*n + 2*p - 298. Suppose 1039 + 245 = 4*t. Suppose -3*m + t + n = 0. What are the prime factors of m?
2, 79
Let k be (2/(-1))/((-46)/115). Let i be k/1 + (-2 - 1). Suppose -5*w - 8*a + 3*a = -525, -w + i*a + 93 = 0. List the prime factors of w.
101
List the prime factors of 18860 - (26/(-104) - (-17)/4 - 4).
2, 5, 23, 41
Let j = 32851 - 18556. List the prime factors of j.
3, 5, 953
List the prime factors of ((-99160)/134)/((6/20)/(-3)).
2, 5, 37
Let d = 248601 - 176831. What are the prime factors of d?
2, 5, 7177
Suppose 0 = -133*a - 164*a + 3295656 + 8366049. What are the prime factors of a?
5, 7853
Let s(z) = 10*z + 23. Let x be s(12). What are the prime factors of (-78)/x - 3642/(-22)?
3, 5, 11
Let r be ((-1)/(-1))/(1/(84/4)). Let g be 1110/14 + (-6)/r. Let a = 5 + g. List the prime factors of a.
2, 3, 7
Let x(p) = 8*p**2 + 3. Suppose 0 = -5*a + 4*a - 4. Let u be x(a). Suppose -2*t + u = 19. List the prime factors of t.
2, 7
Let v(k) be the second derivative of -k**2/2 + k. Let n(t) = -5*t + 5. Let o(y) = n(y) - 10*v(y). What are the prime factors of o(-4)?
5, 7
List the prime factors of (-22)/8 - (-7320047)/548.
5, 2671
Suppose -17 - 25 = 3*d. Let a be (-4 - 1)/(7/d). List the prime factors of (-6504)/(-40) - (-4)/a.
163
Suppose -67*p = -69*p + 70. What are the prime factors of 159/((24/(-28))/((-10)/p))?
53
Suppose 4*f - 24803 = -3*w, -5*f + 31438 - 437 = w. What are the prime factors of f?
2, 5, 31
Let i(r) be the first derivative of -r**4/4 + 4*r**3/3 + 5*r**2 - 4*r + 2. Let s(h) = -h**2 + 6*h - 1. Let a be s(5). What are the prime factors of i(a)?
2, 3
List the prime factors of (0 - 1/(-2))/(9 - 690819/76758).
11, 1163
Let h be -6*(1 - 0) + (6 - 2). Let u be 3 + h - (0 - -4 - 8). Suppose -3*t + u*p + 2 = -215, 4*p = -8. List the prime factors of t.
3, 23
Suppose -19*m - 17775 + 4000 = 0. Let x = 763 + m. List the prime factors of x.
2, 19
Let c = -3765 - -3767. Let k(i) = 83*i + i + 4 + 9*i. What are the prime factors of k(c)?
2, 5, 19
Let p be (25 + -28)*3/((-6)/(-2)). Let w(b) be the third derivative of -35*b**4/24 - 7*b**3/6 - b**2. List the prime factors of w(p).
2, 7
Suppose 3*g + 3*r = 1820 + 2167, -5304 = -4*g + 2*r. Suppose -25*d + 21*d = h - 453, -4*d - g = -3*h. What are the prime factors of h?
5, 89
Suppose -2*l + 7*l = z, -2*z + 30 = 5*l. Let w be 848/(-20)*z/(-4). Let q = w + -36. List the prime factors of q.
2, 5, 7
What are the prime factors of (-6 + -81 + -3)*2261/(-3)?
2, 3, 5, 7, 17, 19
Let m = 334 + 102. Let z = m + -167. What are the prime factors of z?
269
What are the prime factors of (-8*(-92748)/384)/((-1)/(-8))?
2, 59, 131
Let y(a) = a**3 - 12*a**2 + 30 - 41 + 5*a**2. Let h be y(8). Suppose -12 = 51*z - h*z. What are the prime factors of z?
2, 3
Let m(q) = -57*q - 1586. What are the prime factors of m(-32)?
2, 7, 17
Let u = 372 - 372. What are the prime factors of (69 - 2)*(11 - u)?
11, 67
Let n = -5902 + 9450. What are the prime factors of n?
2, 887
Let o = 42781 + -29733. What are the prime factors of o?
2, 7, 233
Let c = -5191 + 8066. List the prime factors of c.
5, 23
Let r be 14 - (2/3)/(2/6). Let s = r + 6. Suppose 9*v - s*v = -414. What are the prime factors of v?
2, 23
Let y(t) = -22*t - 4. Let x(i) = -i**3 - 11*i**2 - i - 16. Let b = -65 - -54. Let o be x(b). List the prime factors of y(o).
2, 53
Suppose 13 + 12 = 5*d. Suppose 4*p = -2*x + 554, -d*x = 2*p - 171 - 126. What are the prime factors of p?
2, 17
Let x = -79 + 794. Suppose -x + 1305 = 2*f. List the prime factors of f.
5, 59
Let k = 213 + -318. Let x = 122 + k. List the prime factors of x.
17
Suppose 0 = -21*z + 29455 - 12172. Let s = 1457 - z. What are the prime factors of s?
2, 317
Suppose 0 = -34*n + 37*n - 2664. Suppose -k = -4*c + n, 689 = 6*c - 3*c + 5*k. List the prime factors of c.
223
Let z = -8 + 11. Suppose -72*y + 79*y - 574 = 0. Suppose -z*j + y = -143. List the prime factors of j.
3, 5
Suppose 100*j - 1772946 - 980290 = 313364. What are the prime factors of j?
2, 3, 19, 269
Let m(b) = 14*b + 51. Let a be m(17). Let q = -227 + a. What are the prime factors of q?
2, 31
Suppose -3*w = -3*k - 19356, w - k + 12922 = 3*w. What are the prime factors of w?
2, 3229
Suppose n - 21 = -0. Suppose -16*c = -n*c + 75. What are the prime factors of (-92 - 3)*(-2)/c*12?
2, 19
Suppose 311572 = 25*d - 647028. What are the prime factors of d?
2, 4793
Suppose r + 4*l = 698, -2*r + 6*r + l - 2852 = 0. Suppose -u + 3*q = -r, -u + 4*q = -3*u + 1478. What are the prime factors of u?
3
Suppose -w + 4*n - 11153 = -100113, 2*n = -10. List the prime factors of w.
2, 5, 4447
Suppose -3*q = -5*u - 404, -492 = -4*q + 12*u - 17*u. Suppose 4*w = -8, 0*b + q = 2*b + 5*w. Let v = 44 + b. List the prime factors of v.
113
Suppose -2*a - 5*f = -540, -2*a - 270 = -3*a - 5*f. Suppose a = -8*t + 1390. List the prime factors of 5/50*8*t.
2, 7
List the prime factors of (-227)/1*(-290 + 239).
3, 17, 227
Let m be (6/(-4))/